pose 3*z - 8 = -3*f + 16, 5*z - 19 = 2*f. Let b be 2/z - (-2)/(-5). Let q(o) = -7*o - 4*o + 1 + 0*o + b*o. What is q(1)?
-10
Let b = -2 + 4. Let c(o) = -3*o + 3. Let n be c(b). Let p(f) = -f**2 - 4*f + 2. Let w(i) = -2*i**2 - 9*i + 4. Let r(z) = 7*p(z) - 3*w(z). What is r(n)?
-4
Let g be -1*(-6)/(-2 + 5). Suppose 2*p + 33 = -p. Let h(m) = -m + 4. Let c(z) = -5*z + 21. Let k(j) = g*c(j) + p*h(j). Give k(-4).
-6
Let o(i) be the first derivative of 1 + 0*i**3 + 1/30*i**5 + 0*i + 1/12*i**4 - 1/120*i**6 - 1/2*i**2. Let y(b) be the second derivative of o(b). Give y(3).
-3
Let n(v) be the first derivative of v**2 - 4. Give n(-5).
-10
Suppose 0 = o - 2*o. Let t = -4 - o. Let q(n) be the second derivative of n**4/12 + 7*n**3/6 + 5*n**2/2 - 27*n - 1. Calculate q(t).
-7
Let d(z) = 4*z - 4 - 3*z**2 + 4*z**2 + 2. Let p be -8 - (-7 + 4 + 0). Calculate d(p).
3
Let l(r) be the third derivative of r**7/5040 + r**6/180 - r**5/20 - r**2. Let s(k) be the third derivative of l(k). What is s(0)?
4
Let v(t) = -3*t - 3 - t**2 + t**2 + 4*t**2 - t**3 + 1. Determine v(3).
-2
Suppose 2*g = 4*g - 8. Let x(i) = -g*i**2 + 4 - 2*i + 8*i**2 - 2 - 3. Calculate x(2).
11
Let s be (-4)/(-6) + 34/(-6). Let n = 4 + s. Let q = n - 3. Let h(l) = -l - 2. Give h(q).
2
Let q(u) = u**3 + 4*u**2 - u + 1. Let d be ((-4)/2 + -2)*1. Let h be q(d). Suppose -p = 4*p + h. Let x(m) = 8*m**3 + 2*m**2 - 1. What is x(p)?
-7
Let j(z) = z**3 + 4*z**2 - 10*z + 18. Let c be j(-6). Let l(g) = -2*g + 5. What is l(c)?
-7
Suppose -2*y + y = -4. Let w be ((-3)/y)/(4/(-16)). Suppose 0*t - 5*f - 34 = -3*t, 0 = w*t + 3*f + 6. Let q(z) = -2*z**2 + 5*z - 4. Calculate q(t).
-7
Let t(k) = -k**3 + 7*k**2 + 8*k. Let x be t(8). Let n(r) = r**3 - r**2 - r - 2. Give n(x).
-2
Let n(y) be the first derivative of -y**3/3 - 3*y**2/2 + 2. Let p = -7 - -4. Give n(p).
0
Suppose 9 = -3*s + 5*r, -r + 13 = 2*s + 3*s. Let c(n) = -n. Determine c(s).
-2
Let h(z) be the first derivative of -z**2/2 + 9*z - 8. Let k be h(3). Let a(m) = -2*m. What is a(k)?
-12
Let x(f) = f**3 - 2*f**2 - f + 1. Let g be x(2). Let l be 5/((-2 - -1)/g). Suppose -l*c - 6 = w - 0, 2*c - w = -8. Let b(d) = d**2. Calculate b(c).
4
Let q = -23 + 22. Let s(f) = 5*f - 5*f**2 + 1 + 0*f - 2*f - f. What is s(q)?
-6
Let c(h) = h**2 - 4*h. Let a = 2 - 0. Let f(j) = j. Let x be f(a). What is c(x)?
-4
Let z(q) = q**3 - 6*q**2 + 4*q + 7. Let x be (-1)/2*(1 + -11). Let k be z(x). Let g be 3 - k/2 - 7. Let a(r) = -r**2 - 6*r - 2. Determine a(g).
3
Let n be (4/2)/(7/(-21)). Let i(g) be the third derivative of -g**4/12 - 5*g**3/6 + g**2. Give i(n).
7
Let r(s) be the first derivative of s**3/3 + s**2 - 5*s - 30. Give r(-4).
3
Let h(r) = r + 4. Let w be h(-5). Let v be (-12)/(w*2) - 1. Let b(f) = -f**2 + 10 - 12 + 2*f**2 - 5*f. Determine b(v).
-2
Let f(v) = v**3 - 3*v**2 + 2*v - 4. Let n be f(3). Let m(l) = -3 + 7 - 3 - l - n. Determine m(4).
-5
Let l(g) = -6*g**3 - 2*g**2 - g. Let n = -13 + 12. Calculate l(n).
5
Suppose -4*m - 5*f = 17, -2*f - f + 25 = -2*m. Let t(c) = -c**2 - 7*c + 6. Determine t(m).
-2
Let f(q) = q - 2. Let g = -54 - -51. What is f(g)?
-5
Let c(w) be the second derivative of w**5/20 + w**4/2 + w**3/6 + w**2/2 + 3*w + 10. Determine c(-6).
-5
Let j(c) = c**2 - 3. Suppose 2*x - 3*p + 9 = 0, -2*x + x - p + 8 = 0. Give j(x).
6
Let a(s) = s**2 - 1 + 2 - 1. Calculate a(-1).
1
Let s(v) = v**3 + 5*v**2 - 3*v - 3. Let w(p) = 2*p**3 + 9*p**2 - 6*p - 5. Let d(u) = -5*s(u) + 3*w(u). Give d(2).
10
Let i(y) be the second derivative of -y**3/3 - 2*y**2 - 2*y. What is i(-5)?
6
Let j(q) = 2*q - 4*q + 4*q. Determine j(1).
2
Let h(t) = -t**3 - 5*t**2 - 3*t + 3. Suppose 2 = m + 3. Let k = m + -12. Let r = k + 9. Determine h(r).
-1
Let c(z) = 5*z**3 + 2*z**2 - 1. Suppose -2*i - 22 = 5*v, 3*v - 3 + 17 = -2*i. What is c(i)?
-4
Let a = 9 + -6. Let r(t) be the second derivative of -2*t - t**a - 2*t**2 + 0 - 1/12*t**4. What is r(-4)?
4
Let z(b) = b**3 - 8*b**2 - b + 7. Let p be 1 - -7*1 - 0. Let r be z(p). Let a(k) = k**3 + k. What is a(r)?
-2
Let g(y) = y**3 + 11*y**2 + 10*y - 6. Let k be g(-10). Let m = k - -6. Let c(u) = u**3 + u**2 + 1. Calculate c(m).
1
Let c(h) = 5*h + 18. Let p(b) = -4*b - 17. Let y(f) = -3*c(f) - 4*p(f). What is y(-8)?
6
Suppose -2*o = -3*o. Suppose o*d - 3 = -3*d. Let q(u) = u + 1 + 0*u + 1 - d. Calculate q(-5).
-4
Let t be 1 + 11 + 1 + 0. Let o = t + -6. Let x = -3 + o. Let j(p) = -p**2 + 5*p + 1. What is j(x)?
5
Let a(l) = -13 - 2*l + 20 - 5. What is a(4)?
-6
Let k(i) = 5*i - 4. Let p(s) = -7*s + 5. Let r(q) = 5*k(q) + 4*p(q). What is r(1)?
-3
Let p(k) = -96*k - k**2 + 44*k + 0 + 3 + 49*k. What is p(-3)?
3
Let r(u) be the third derivative of -u**5/60 - u**3/6 - u**2. Suppose -3*n = 15, -5*n + n = c + 18. What is r(c)?
-5
Let j = -33 + 29. Suppose 3 + 3 = l. Let k(w) = -5*w - 3*w**2 + 6 + l*w - w**3 + 6*w. What is k(j)?
-6
Suppose 6*g = -149 + 143. Let k(b) = -b**2 + 11*b + 11. Let x(p) = p**2 - 5*p - 5. Let s(h) = -6*k(h) - 13*x(h). Give s(g).
-7
Let k be (-2)/(-6) - (-10)/(-3). Let w(y) be the third derivative of -y**4/24 - y**3/6 - 14*y**2. Give w(k).
2
Let l(j) = -j + 1. Suppose 5*h = -20, 0*d - 2*d = -3*h - 18. Let w be 17/(-4) - d/(-12). Give l(w).
5
Let k(l) = l - 6. Let w(r) = 5*r - 25. Let u(o) = -9*k(o) + 2*w(o). Determine u(5).
9
Let h(d) be the second derivative of -d**3/3 - 9*d**2/2 + d. Determine h(-6).
3
Let t(b) = b**2 - b - 2. Let s be t(2). Let m(c) be the third derivative of -c**2 + 7/24*c**4 + s + 0*c + 2/3*c**3 + 1/60*c**5. Determine m(-5).
-6
Let t(d) = 3*d**3 + 3*d**2 + 3. Suppose 5*w + 7 + 3 = 0. Let x(u) = -u**3 - u**2 + u - 1. Let j(b) = w*x(b) - t(b). Calculate j(-1).
1
Let o(c) = -c + 2. Let j(x) = x**2 - 5*x - 9. Let p be j(7). Suppose 3*w + 3 = -4*k, p*w + 3*k - 8 = -24. Calculate o(w).
7
Let f(b) = b. Suppose 0 = -a + 4*a + 15. Let o be (-32)/a + (-4)/10. Give f(o).
6
Let q(i) be the third derivative of -i**5/60 + i**4/24 - i**3/3 - 32*i**2. What is q(3)?
-8
Let x(i) be the second derivative of i**4/12 + 7*i**3/6 + 3*i**2 + i. Give x(-7).
6
Let x(i) = 2*i**2 + 4*i + 1. Let v(f) = -f**2 - 2*f - 1. Let r(z) = 5*v(z) + 3*x(z). Suppose -w + 6 = -2*a, 6*w - 15 = 5*a + 3*w. What is r(a)?
1
Suppose -5*w = -3*w. Let b(f) = -f**2 - f + 5. Let o be b(-5). Let j be (2 + w)/(6/o). Let c(k) = -k - 3. Give c(j).
2
Let t = -49 + 51. Let n(q) = q**3 + 4*q**2 - 2*q - 1. Determine n(t).
19
Suppose 4*x - 2 - 14 = 0. Let z(w) = -w**2 + w - 7. Let m be (-1)/(-1 + 18/15). Let r(a) = -a**2 - 8. Let o(v) = m*r(v) + 6*z(v). Calculate o(x).
6
Let s(m) = m**2 - m - 6. Let d be (3 - (1 + -1)) + -3. Determine s(d).
-6
Let h be (4 + (-29)/5)*-5. Let i = -6 + h. Let o(z) = z**3 - 5*z**2 + 5*z - 2. Give o(i).
-5
Let j(c) = c**2 + c + 4. Suppose 3*i + 0 = -9. Calculate j(i).
10
Let m(p) = -6 - 2*p - 11 + 22 - 8. Determine m(-4).
5
Let p = -38 - -38. Let i(g) = g**2 - 7. Calculate i(p).
-7
Let r(i) be the second derivative of 3/2*i**2 + 1/6*i**3 + i + 0. Let y = 163 + -169. Calculate r(y).
-3
Suppose 0 = -5*u + 3*s - 6 - 1, 0 = -5*u - s - 11. Let t(m) be the second derivative of -1/3*m**3 - 3/2*m**2 + 0 + 2*m. What is t(u)?
1
Let v(m) = m + 17. Let u be v(-13). Let s(w) = u*w**2 - w**2 - w + w**3 + w**2 - 2*w**2. Calculate s(-2).
2
Suppose -2*g - 9 = -3*a, -4*g = g - 2*a + 6. Let w(p) = p**2 + p + 4. Determine w(g).
4
Let f(m) be the first derivative of 1/2*m**2 - 1/4*m**4 + m - m**3 + 1. Suppose 0 = 4*k + 44 - 32. Calculate f(k).
-2
Suppose -u + 1 = -5. Let z(k) = -k**2 + 6*k - 2. Calculate z(u).
-2
Let r(y) be the first derivative of y**2 - 2*y - 11. Determine r(4).
6
Let b be (3/(-5 + 2))/(1/(-1)). Let d(x) = 12*x**2 + x - 1. What is d(b)?
12
Let y be 2*(0 + (1 - 2)). Let m(d) = -2*d - 2*d**2 - d**2 - d**3 - 2 + 2 - 1. Give m(y).
-1
Let l(j) be the first derivative of j**4/2 + 2*j**3/3 - j**2 + 4*j - 27. Determine l(-3).
-26
Let c(f) = -f - 4. Let q = 15 - 15. Calculate c(q).
-4
Let j(c) = 4*c - 23 + 21 - 5*c. Determine j(-8).
6
Let t(w) = -w**2 - 4*w + 6. Suppose 4*q + 16 = -4*s, -2*q + 4 = -2. Let c = 2 + s. What is t(c)?
1
Let h(g) = g + 2. Let b be (-25)/(-3) + (-10)/(-15). Suppose -p = b - 3. Calculate h(p).
-4
Suppose 11*i - 15 = 6*i. Let y(v) = -3*v + 2. Determine y(i).
-7
Let q(u) = -2*u - 1. Let x be 6*4/3*1. Let t(n) = 7*n**2 + 7*n + 13. Let